{"id":749,"date":"2015-03-09T17:40:49","date_gmt":"2015-03-09T16:40:49","guid":{"rendered":"https:\/\/www.reitstall-lugge.de\/?page_id=749"},"modified":"2023-04-28T22:44:24","modified_gmt":"2023-04-28T20:44:24","slug":"bambinireiten","status":"publish","type":"page","link":"https:\/\/luggenetwork.de\/lugge2\/angebote\/bambinireiten\/","title":{"rendered":"Bambinireiten"},"content":{"rendered":"<h3><a href=\"https:\/\/reitstall-lugge.de\/wp-content\/uploads\/sites\/3\/2021\/02\/IMG_0208.jpeg\"><img loading=\"lazy\" decoding=\"async\" class=\"wp-image-7927 size-medium alignleft\" style=\"margin-left: 0px; margin-right: 20px;\" title=\"Bambinireiten\" src=\"https:\/\/reitstall-lugge.de\/wp-content\/uploads\/sites\/3\/2021\/02\/IMG_0208-225x300.jpeg\" alt=\"\" width=\"225\" height=\"300\" data-wp-editing=\"1\" srcset=\"https:\/\/luggenetwork.de\/lugge2\/wp-content\/uploads\/sites\/3\/2021\/02\/IMG_0208-225x300.jpeg 225w, https:\/\/luggenetwork.de\/lugge2\/wp-content\/uploads\/sites\/3\/2021\/02\/IMG_0208-768x1024.jpeg 768w, https:\/\/luggenetwork.de\/lugge2\/wp-content\/uploads\/sites\/3\/2021\/02\/IMG_0208-1152x1536.jpeg 1152w, https:\/\/luggenetwork.de\/lugge2\/wp-content\/uploads\/sites\/3\/2021\/02\/IMG_0208-676x901.jpeg 676w, https:\/\/luggenetwork.de\/lugge2\/wp-content\/uploads\/sites\/3\/2021\/02\/IMG_0208.jpeg 1536w\" sizes=\"auto, (max-width: 225px) 100vw, 225px\" \/><\/a>Die ersten Reiterfahrungen f\u00fcr die J\u00fcngsten von 3-6 Jahren<\/h3>\n<h5>Ab Mai<strong>&nbsp;<\/strong>geht es wieder los.<\/h5>\n<p>Im Mai starten wieder unsere Bambini-Runden, um Kinder ans Reiten heranzuf\u00fchren. Die Kurse bringen die Kinder bei gef\u00fchrten Ponytouren in der Natur spielerisch an Pferde heran und dienen zur Vorbereitung auf Longenreiten und Gruppen-Reitstunden.<\/p>\n<p>&nbsp;<\/p>\n<h4>Mehr Informationen oder eine Anmeldung:<br \/>\n<a href=\"mailto:bambinireiten@reitstall-lugge.de\" target=\"_blank\" rel=\"noopener noreferrer\">bambinireiten@reitstall-lugge.de<\/a><\/h4>\n<h4>&nbsp;<\/h4>\n<h4>Was muss ich mitbringen ?<\/h4>\n<p>eine Reitkappe oder einen Fahrradhelm<br \/>\nReit- bzw. Gummistiefel<br \/>\nggf. Handschuhe<br \/>\nMut und Spass<\/p>\n<h4>Die Kursdaten:<\/h4>\n<ul>\n<li>Kursbeginn: <b>jederzeit&nbsp;<\/b><\/li>\n<li>Teilnehmer\/innen: Kinder von ca. 3-6 Jahren<\/li>\n<li>Kosten: 20,- \u20ac je Kursstunde.<\/li>\n<li>Die Stunden k\u00f6nnen von Woche zu Woche gebucht werden, es besteht keine Verpflichtung eine bestimme Anzahl Stunden zu buchen!<\/li>\n<\/ul>\n","protected":false},"excerpt":{"rendered":"<p>Die ersten Reiterfahrungen f\u00fcr die J\u00fcngsten von 3-6 Jahren Ab Mai&nbsp;geht es wieder los. Im Mai starten wieder unsere Bambini-Runden, um Kinder ans Reiten heranzuf\u00fchren. Die Kurse bringen die Kinder bei gef\u00fchrten Ponytouren in der Natur spielerisch an Pferde heran und dienen zur Vorbereitung auf Longenreiten und Gruppen-Reitstunden. &nbsp; Mehr Informationen oder eine Anmeldung: bambinireiten@reitstall-lugge.de [&hellip;]<\/p>\n","protected":false},"author":1,"featured_media":0,"parent":15,"menu_order":10,"comment_status":"closed","ping_status":"open","template":"","meta":{"inline_featured_image":false,"ngg_post_thumbnail":0,"footnotes":""},"class_list":["post-749","page","type-page","status-publish","hentry","post-preview"],"yoast_head":"<!-- This site is optimized with the Yoast SEO plugin v27.4 - https:\/\/yoast.com\/product\/yoast-seo-wordpress\/ -->\n<title>Bambinireiten am Reitstall Hans Lugge<\/title>\n<meta name=\"description\" content=\"Die ersten Reiterfahrungen f\u00fcr die J\u00fcngsten von 3-6 Jahren. Im Mai starten wieder unsere Bambini-Reitkurse um Kinder ans Reiten heran zu f\u00fchren.\" \/>\n<meta name=\"robots\" content=\"index, follow, max-snippet:-1, max-image-preview:large, max-video-preview:-1\" \/>\n<link rel=\"canonical\" href=\"https:\/\/luggenetwork.de\/lugge2\/angebote\/bambinireiten\/\" \/>\n<meta property=\"og:locale\" content=\"de_DE\" \/>\n<meta property=\"og:type\" content=\"article\" \/>\n<meta property=\"og:title\" content=\"Bambinireiten am Reitstall Hans Lugge\" \/>\n<meta property=\"og:description\" content=\"Die ersten Reiterfahrungen f\u00fcr die J\u00fcngsten von 3-6 Jahren. Im Mai starten wieder unsere Bambini-Reitkurse um Kinder ans Reiten heran zu f\u00fchren.\" \/>\n<meta property=\"og:url\" content=\"https:\/\/luggenetwork.de\/lugge2\/angebote\/bambinireiten\/\" \/>\n<meta property=\"og:site_name\" content=\"Reitstall Lugge\" \/>\n<meta property=\"article:modified_time\" content=\"2023-04-28T20:44:24+00:00\" \/>\n<meta property=\"og:image\" content=\"https:\/\/reitstall-lugge.de\/wp-content\/uploads\/sites\/3\/2021\/02\/IMG_0208-225x300.jpeg\" \/>\n<meta name=\"twitter:card\" content=\"summary_large_image\" \/>\n<meta name=\"twitter:label1\" content=\"Gesch\u00e4tzte Lesezeit\" \/>\n\t<meta name=\"twitter:data1\" content=\"1\u00a0Minute\" \/>\n<script type=\"application\/ld+json\" class=\"yoast-schema-graph\">{\"@context\":\"https:\\\/\\\/schema.org\",\"@graph\":[{\"@type\":\"WebPage\",\"@id\":\"https:\\\/\\\/luggenetwork.de\\\/lugge2\\\/angebote\\\/bambinireiten\\\/\",\"url\":\"https:\\\/\\\/luggenetwork.de\\\/lugge2\\\/angebote\\\/bambinireiten\\\/\",\"name\":\"Bambinireiten am Reitstall Hans Lugge\",\"isPartOf\":{\"@id\":\"https:\\\/\\\/luggenetwork.de\\\/lugge2\\\/#website\"},\"primaryImageOfPage\":{\"@id\":\"https:\\\/\\\/luggenetwork.de\\\/lugge2\\\/angebote\\\/bambinireiten\\\/#primaryimage\"},\"image\":{\"@id\":\"https:\\\/\\\/luggenetwork.de\\\/lugge2\\\/angebote\\\/bambinireiten\\\/#primaryimage\"},\"thumbnailUrl\":\"https:\\\/\\\/reitstall-lugge.de\\\/wp-content\\\/uploads\\\/sites\\\/3\\\/2021\\\/02\\\/IMG_0208-225x300.jpeg\",\"datePublished\":\"2015-03-09T16:40:49+00:00\",\"dateModified\":\"2023-04-28T20:44:24+00:00\",\"description\":\"Die ersten Reiterfahrungen f\u00fcr die J\u00fcngsten von 3-6 Jahren. Im Mai starten wieder unsere Bambini-Reitkurse um Kinder ans Reiten heran zu f\u00fchren.\",\"breadcrumb\":{\"@id\":\"https:\\\/\\\/luggenetwork.de\\\/lugge2\\\/angebote\\\/bambinireiten\\\/#breadcrumb\"},\"inLanguage\":\"de\",\"potentialAction\":[{\"@type\":\"ReadAction\",\"target\":[\"https:\\\/\\\/luggenetwork.de\\\/lugge2\\\/angebote\\\/bambinireiten\\\/\"]}]},{\"@type\":\"ImageObject\",\"inLanguage\":\"de\",\"@id\":\"https:\\\/\\\/luggenetwork.de\\\/lugge2\\\/angebote\\\/bambinireiten\\\/#primaryimage\",\"url\":\"https:\\\/\\\/reitstall-lugge.de\\\/wp-content\\\/uploads\\\/sites\\\/3\\\/2021\\\/02\\\/IMG_0208-225x300.jpeg\",\"contentUrl\":\"https:\\\/\\\/reitstall-lugge.de\\\/wp-content\\\/uploads\\\/sites\\\/3\\\/2021\\\/02\\\/IMG_0208-225x300.jpeg\"},{\"@type\":\"BreadcrumbList\",\"@id\":\"https:\\\/\\\/luggenetwork.de\\\/lugge2\\\/angebote\\\/bambinireiten\\\/#breadcrumb\",\"itemListElement\":[{\"@type\":\"ListItem\",\"position\":1,\"name\":\"Startseite\",\"item\":\"https:\\\/\\\/luggenetwork.de\\\/lugge2\\\/\"},{\"@type\":\"ListItem\",\"position\":2,\"name\":\"Angebote\",\"item\":\"https:\\\/\\\/luggenetwork.de\\\/lugge2\\\/angebote\\\/\"},{\"@type\":\"ListItem\",\"position\":3,\"name\":\"Bambinireiten\"}]},{\"@type\":\"WebSite\",\"@id\":\"https:\\\/\\\/luggenetwork.de\\\/lugge2\\\/#website\",\"url\":\"https:\\\/\\\/luggenetwork.de\\\/lugge2\\\/\",\"name\":\"Reitstall Lugge\",\"description\":\"M\u00fclheim-D\u00fcmpten\",\"potentialAction\":[{\"@type\":\"SearchAction\",\"target\":{\"@type\":\"EntryPoint\",\"urlTemplate\":\"https:\\\/\\\/luggenetwork.de\\\/lugge2\\\/?s={search_term_string}\"},\"query-input\":{\"@type\":\"PropertyValueSpecification\",\"valueRequired\":true,\"valueName\":\"search_term_string\"}}],\"inLanguage\":\"de\"}]}<\/script>\n<!-- \/ Yoast SEO plugin. -->","yoast_head_json":{"title":"Bambinireiten am Reitstall Hans Lugge","description":"Die ersten Reiterfahrungen f\u00fcr die J\u00fcngsten von 3-6 Jahren. Im Mai starten wieder unsere Bambini-Reitkurse um Kinder ans Reiten heran zu f\u00fchren.","robots":{"index":"index","follow":"follow","max-snippet":"max-snippet:-1","max-image-preview":"max-image-preview:large","max-video-preview":"max-video-preview:-1"},"canonical":"https:\/\/luggenetwork.de\/lugge2\/angebote\/bambinireiten\/","og_locale":"de_DE","og_type":"article","og_title":"Bambinireiten am Reitstall Hans Lugge","og_description":"Die ersten Reiterfahrungen f\u00fcr die J\u00fcngsten von 3-6 Jahren. Im Mai starten wieder unsere Bambini-Reitkurse um Kinder ans Reiten heran zu f\u00fchren.","og_url":"https:\/\/luggenetwork.de\/lugge2\/angebote\/bambinireiten\/","og_site_name":"Reitstall Lugge","article_modified_time":"2023-04-28T20:44:24+00:00","og_image":[{"url":"https:\/\/reitstall-lugge.de\/wp-content\/uploads\/sites\/3\/2021\/02\/IMG_0208-225x300.jpeg","type":"","width":"","height":""}],"twitter_card":"summary_large_image","twitter_misc":{"Gesch\u00e4tzte Lesezeit":"1\u00a0Minute"},"schema":{"@context":"https:\/\/schema.org","@graph":[{"@type":"WebPage","@id":"https:\/\/luggenetwork.de\/lugge2\/angebote\/bambinireiten\/","url":"https:\/\/luggenetwork.de\/lugge2\/angebote\/bambinireiten\/","name":"Bambinireiten am Reitstall Hans Lugge","isPartOf":{"@id":"https:\/\/luggenetwork.de\/lugge2\/#website"},"primaryImageOfPage":{"@id":"https:\/\/luggenetwork.de\/lugge2\/angebote\/bambinireiten\/#primaryimage"},"image":{"@id":"https:\/\/luggenetwork.de\/lugge2\/angebote\/bambinireiten\/#primaryimage"},"thumbnailUrl":"https:\/\/reitstall-lugge.de\/wp-content\/uploads\/sites\/3\/2021\/02\/IMG_0208-225x300.jpeg","datePublished":"2015-03-09T16:40:49+00:00","dateModified":"2023-04-28T20:44:24+00:00","description":"Die ersten Reiterfahrungen f\u00fcr die J\u00fcngsten von 3-6 Jahren. Im Mai starten wieder unsere Bambini-Reitkurse um Kinder ans Reiten heran zu f\u00fchren.","breadcrumb":{"@id":"https:\/\/luggenetwork.de\/lugge2\/angebote\/bambinireiten\/#breadcrumb"},"inLanguage":"de","potentialAction":[{"@type":"ReadAction","target":["https:\/\/luggenetwork.de\/lugge2\/angebote\/bambinireiten\/"]}]},{"@type":"ImageObject","inLanguage":"de","@id":"https:\/\/luggenetwork.de\/lugge2\/angebote\/bambinireiten\/#primaryimage","url":"https:\/\/reitstall-lugge.de\/wp-content\/uploads\/sites\/3\/2021\/02\/IMG_0208-225x300.jpeg","contentUrl":"https:\/\/reitstall-lugge.de\/wp-content\/uploads\/sites\/3\/2021\/02\/IMG_0208-225x300.jpeg"},{"@type":"BreadcrumbList","@id":"https:\/\/luggenetwork.de\/lugge2\/angebote\/bambinireiten\/#breadcrumb","itemListElement":[{"@type":"ListItem","position":1,"name":"Startseite","item":"https:\/\/luggenetwork.de\/lugge2\/"},{"@type":"ListItem","position":2,"name":"Angebote","item":"https:\/\/luggenetwork.de\/lugge2\/angebote\/"},{"@type":"ListItem","position":3,"name":"Bambinireiten"}]},{"@type":"WebSite","@id":"https:\/\/luggenetwork.de\/lugge2\/#website","url":"https:\/\/luggenetwork.de\/lugge2\/","name":"Reitstall Lugge","description":"M\u00fclheim-D\u00fcmpten","potentialAction":[{"@type":"SearchAction","target":{"@type":"EntryPoint","urlTemplate":"https:\/\/luggenetwork.de\/lugge2\/?s={search_term_string}"},"query-input":{"@type":"PropertyValueSpecification","valueRequired":true,"valueName":"search_term_string"}}],"inLanguage":"de"}]}},"_links":{"self":[{"href":"https:\/\/luggenetwork.de\/lugge2\/wp-json\/wp\/v2\/pages\/749","targetHints":{"allow":["GET"]}}],"collection":[{"href":"https:\/\/luggenetwork.de\/lugge2\/wp-json\/wp\/v2\/pages"}],"about":[{"href":"https:\/\/luggenetwork.de\/lugge2\/wp-json\/wp\/v2\/types\/page"}],"author":[{"embeddable":true,"href":"https:\/\/luggenetwork.de\/lugge2\/wp-json\/wp\/v2\/users\/1"}],"replies":[{"embeddable":true,"href":"https:\/\/luggenetwork.de\/lugge2\/wp-json\/wp\/v2\/comments?post=749"}],"version-history":[{"count":5,"href":"https:\/\/luggenetwork.de\/lugge2\/wp-json\/wp\/v2\/pages\/749\/revisions"}],"predecessor-version":[{"id":8165,"href":"https:\/\/luggenetwork.de\/lugge2\/wp-json\/wp\/v2\/pages\/749\/revisions\/8165"}],"up":[{"embeddable":true,"href":"https:\/\/luggenetwork.de\/lugge2\/wp-json\/wp\/v2\/pages\/15"}],"wp:attachment":[{"href":"https:\/\/luggenetwork.de\/lugge2\/wp-json\/wp\/v2\/media?parent=749"}],"curies":[{"name":"wp","href":"https:\/\/api.w.org\/{rel}","templated":true}]}}